{"id":9,"date":"2014-11-07T11:02:43","date_gmt":"2014-11-07T10:02:43","guid":{"rendered":"http:\/\/webmin.kabel1.cz\/luda\/?page_id=9"},"modified":"2018-05-16T13:18:01","modified_gmt":"2018-05-16T12:18:01","slug":"projekce","status":"publish","type":"page","link":"https:\/\/www.camrda.cz\/?page_id=9","title":{"rendered":"Projekce"},"content":{"rendered":"<p align=\"justify\"><img loading=\"lazy\" decoding=\"async\" class=\"alignnone wp-image-214 size-full\" src=\"http:\/\/webmin.kabel1.cz\/luda\/wp-content\/uploads\/projektovani.jpg\" alt=\"\" width=\"800\" height=\"424\" srcset=\"https:\/\/www.camrda.cz\/wp-content\/uploads\/projektovani.jpg 800w, https:\/\/www.camrda.cz\/wp-content\/uploads\/projektovani-300x159.jpg 300w, https:\/\/www.camrda.cz\/wp-content\/uploads\/projektovani-768x407.jpg 768w, https:\/\/www.camrda.cz\/wp-content\/uploads\/projektovani-150x80.jpg 150w\" sizes=\"auto, (max-width: 800px) 100vw, 800px\" \/><\/p>\n<p align=\"justify\">Na\u0161e firma zaji\u0161\u0165uje ve\u0161ker\u00e9 stupn\u011b projektov\u00e9 \u010dinnosti od prvn\u00edho n\u00e1vrhu (studie) po vyd\u00e1n\u00ed stavebn\u00edho povolen\u00ed a n\u00e1sledn\u011b prov\u00e1d\u011bc\u00ed dokumentace stavby.<\/p>\n<p align=\"justify\">Uvedenou \u010dinnost prov\u00e1d\u00edme pro pozemn\u00ed stavby od rodinn\u00fdch a bytov\u00fdch dom\u016f a\u017e po pr\u016fmyslov\u00e9 stavby, pro m\u00edstn\u00ed a vnitro are\u00e1lov\u00e9 komunikace, zpevn\u011bn\u00e9 plochy, ter\u00e9nn\u00ed \u00fapravy atd.<\/p>\n<p>Zaji\u0161\u0165ujeme jednotliv\u00e9 pot\u0159ebn\u00e9 (po\u017eadovan\u00e9) posudky<\/p>\n<ul>\n<li>energetick\u00e9 pr\u016fkazy budov<\/li>\n<li>po\u017e\u00e1rn\u00ed zpr\u00e1vy<\/li>\n<li>statick\u00e9 posudky<\/li>\n<li>radonov\u00e9 pr\u016fzkumy<\/li>\n<li>akustick\u00e9 studie<\/li>\n<li>mykologick\u00e9 pr\u016fzkumy<\/li>\n<li>stavebn\u011b historick\u00e9 pr\u016fzkumy<\/li>\n<li>geologick\u00e9 pr\u016fzkumy<\/li>\n<li>rozpo\u010dty staveb<\/li>\n<\/ul>\n<p>&nbsp;<\/p>\n<p align=\"justify\">Nab\u00edz\u00edme poradenskou \u010dinnost ve stavebnictv\u00ed nap\u0159. p\u0159i koupi pozemku \u010di nemovitosti, nebo p\u0159i stavb\u011b bez hlavn\u00edho dodavatele stavby.<\/p>\n<p align=\"justify\">Zaji\u0161\u0165ujeme dozory staveb.<\/p>\n<p align=\"justify\">Zpracov\u00e1v\u00e1me po\u010d\u00edta\u010dov\u00e9 fotorealistick\u00e9 n\u00e1vrhy interi\u00e9r\u016f.<\/p>\n","protected":false},"excerpt":{"rendered":"<p>Na\u0161e firma zaji\u0161\u0165uje ve\u0161ker\u00e9 stupn\u011b projektov\u00e9 \u010dinnosti od prvn\u00edho n\u00e1vrhu (studie) po vyd\u00e1n\u00ed stavebn\u00edho povolen\u00ed a n\u00e1sledn\u011b prov\u00e1d\u011bc\u00ed dokumentace stavby. Uvedenou \u010dinnost prov\u00e1d\u00edme pro pozemn\u00ed stavby od rodinn\u00fdch a bytov\u00fdch dom\u016f a\u017e po pr\u016fmyslov\u00e9 stavby, pro m\u00edstn\u00ed a vnitro are\u00e1lov\u00e9 komunikace, zpevn\u011bn\u00e9 plochy, ter\u00e9nn\u00ed \u00fapravy atd. Zaji\u0161\u0165ujeme jednotliv\u00e9 pot\u0159ebn\u00e9 (po\u017eadovan\u00e9) posudky energetick\u00e9 pr\u016fkazy budov po\u017e\u00e1rn\u00ed &#8230; <a title=\"Projekce\" class=\"read-more\" href=\"https:\/\/www.camrda.cz\/?page_id=9\" aria-label=\"\u010c\u00edst v\u00edce o Projekce\">\u010c\u00edst d\u00e1l<\/a><\/p>\n","protected":false},"author":1,"featured_media":0,"parent":0,"menu_order":4,"comment_status":"closed","ping_status":"closed","template":"","meta":{"footnotes":""},"class_list":["post-9","page","type-page","status-publish"],"_links":{"self":[{"href":"https:\/\/www.camrda.cz\/index.php?rest_route=\/wp\/v2\/pages\/9","targetHints":{"allow":["GET"]}}],"collection":[{"href":"https:\/\/www.camrda.cz\/index.php?rest_route=\/wp\/v2\/pages"}],"about":[{"href":"https:\/\/www.camrda.cz\/index.php?rest_route=\/wp\/v2\/types\/page"}],"author":[{"embeddable":true,"href":"https:\/\/www.camrda.cz\/index.php?rest_route=\/wp\/v2\/users\/1"}],"replies":[{"embeddable":true,"href":"https:\/\/www.camrda.cz\/index.php?rest_route=%2Fwp%2Fv2%2Fcomments&post=9"}],"version-history":[{"count":6,"href":"https:\/\/www.camrda.cz\/index.php?rest_route=\/wp\/v2\/pages\/9\/revisions"}],"predecessor-version":[{"id":215,"href":"https:\/\/www.camrda.cz\/index.php?rest_route=\/wp\/v2\/pages\/9\/revisions\/215"}],"wp:attachment":[{"href":"https:\/\/www.camrda.cz\/index.php?rest_route=%2Fwp%2Fv2%2Fmedia&parent=9"}],"curies":[{"name":"wp","href":"https:\/\/api.w.org\/{rel}","templated":true}]}}